 is the hundreds digit of l?
1
Let k(d) = -482*d - 462. What is the units digit of k(-6)?
0
Suppose -95*v + 94*v = -337. What is the tens digit of v?
3
What is the units digit of (186 - 65/(-13))*5/1?
5
Let j = 45 - 36. Suppose -j = -4*i - s, i + 5*s + 3 = -3*i. What is the units digit of i?
3
Let y = 239 - 168. Suppose -2*w + 137 = -y. What is the tens digit of w?
0
Let k = 1499 - 1032. What is the tens digit of k?
6
Let c = -78 - -75. What is the units digit of 1/c*1 + (-686)/(-6)?
4
Let s = 222 - -1146. What is the thousands digit of s?
1
Suppose 4*f - 81 = 391. Suppose 0 = -3*x + x + 2*i - 150, -3*x + 2*i - 228 = 0. Let y = f + x. What is the units digit of y?
0
Let w = -1609 - -2446. What is the tens digit of w?
3
What is the thousands digit of ((-3372)/(-15))/(56/980)?
3
Let c = 32 + -30. Suppose t - 113 = 5*z, -c*t + 5*z + 202 = 3*z. What is the units digit of t?
8
Let o = 29 - 35. Let m(q) = -q**3 - 7*q**2 - 9*q - 14. What is the units digit of m(o)?
4
Suppose -20*z + 17350 = -19370. What is the tens digit of z?
3
Let a be 100/(-3)*(-24)/10. Let d = 9 + a. What is the tens digit of d?
8
Let m(p) = p**3 + 43. Let o(r) = -5*r**2 - 2*r + 2. Let v be o(1). Let x(s) = -s**2 - 7*s - 10. Let q be x(v). What is the tens digit of m(q)?
4
Let h = 8 + -3. Suppose -4*p - w - 1 = p, -3*w = -h*p - 17. Let n = 15 + p. What is the tens digit of n?
1
Let a(o) = -o**3 - 2*o**2 + 1. Let g be a(-1). Suppose -5*n = -g*n - 115. Suppose -n = -c + 45. What is the tens digit of c?
6
Suppose 0 = -3*l - 3*w + 18, -2*w = 5*l - 11 - 13. Suppose 6 + l = 5*g. Suppose 0*d = g*d - 68. What is the units digit of d?
4
Let w = 163 - -144. Suppose 23 - w = -i. What is the hundreds digit of i?
2
Suppose 5*a - 112 = 3*a. Let x = a - -7. What is the tens digit of x?
6
Suppose 0 = -4*i - 27*j + 22*j + 1884, 0 = 3*j. What is the hundreds digit of i?
4
Let g = -215 - -255. What is the tens digit of g?
4
Suppose 20*f + 4300 = 45*f. What is the hundreds digit of f?
1
Suppose 0*m = -2*m + 6. Suppose m*f - 7 = 2*f. What is the units digit of (f/5 - 1)*65?
6
Let v = -376 - -538. Suppose 3*h + 3*l - 6 = 0, h - l + 2 = -6*l. Suppose -5*g + v = -h*y + 4*y, g = 3*y + 42. What is the units digit of g?
3
Suppose 16 = 4*p - 4*n, -3*p - 2*n + 2 = 10. Suppose q - 6*q + 170 = p. What is the tens digit of q?
3
Suppose -a + 147 = 451. Let t = -194 - a. What is the tens digit of t?
1
Suppose 4*r = 2*t - 3145 - 2963, 4*t = 2*r + 12192. What is the tens digit of t?
4
Suppose -127 = 4*t + 177. What is the units digit of 1 - (-4 + 7 + t)?
4
What is the hundreds digit of 4/20*325/26*276?
6
Let f(b) = 51*b - 2. Let i be f(1). Suppose -4*h + i = 13. What is the units digit of (h/4)/((-5)/(-100))?
5
Let m(f) = 9*f**2 - 7*f + 9. Let i be m(5). Suppose 0 = -26*c + 27*c - i. What is the hundreds digit of c?
1
Let y(g) = 6*g - 1. Let l be y(5). What is the units digit of (l/2)/((-21)/(-42))?
9
Let z(f) = -f**2 + 2*f + 5. Let t be z(4). Let u be 5*1/(t/(-6)). What is the units digit of 656/u + (-27)/45?
5
What is the hundreds digit of 126/(-9) + 8 - -1796?
7
Suppose -11*f - 15*f = -56264. What is the hundreds digit of f?
1
Suppose 6*s - 6484 = 2*s - 2*k, 6478 = 4*s + 5*k. What is the units digit of s?
2
Let t = 85 + -82. Suppose l = 3*q - 419, l + 8 = -t*l. What is the hundreds digit of q?
1
Let s = 3072 + -1441. What is the thousands digit of s?
1
Let q(k) = 2*k**2 - k + 575. What is the tens digit of q(0)?
7
Suppose 5*a = 2*v + 1424, 4*a - 188 = -4*v + 940. What is the tens digit of a?
8
Suppose -3*d - 16*d = -37449. What is the tens digit of d?
7
Let s = 107 - 99. Suppose 0 = -23*r + s*r + 3225. What is the units digit of r?
5
Let q be (-2 - 21)*1 - -2. What is the units digit of (-2)/6 - 1498/q?
1
Let m be 347 + (5 - (0 - -4)). Suppose 0 = 3*u, -3*u - u - m = -4*n. What is the units digit of n?
7
Suppose 0 = 2*g - 3*s - 14 - 12, 5*g = 4*s + 79. Let z(f) = 3*f**2 + 10*f + 3. Let o be z(-5). Let t = o - g. What is the units digit of t?
9
Let b be (-1)/(3 + 34/(-12)). Let j be 42/5 - b/(-15). Suppose -3*p - 110 = -j*p. What is the tens digit of p?
2
Let l(j) = j**3 - j**2 - 2*j - 1. Let u be l(2). Let r be -79*(-5 - (u + -3)). Suppose r = 5*b + 2*p, -32 + 132 = 5*b - 5*p. What is the units digit of b?
7
Suppose -5*d = -3*a + 319 + 55, d + 1 = 0. Let o = 7 + -2. Suppose 0 = o*g - a + 8. What is the units digit of g?
3
Let l = -7 - -12. What is the units digit of 6/l - 7/35?
1
Let g = 34 + -31. Suppose a - 2*t = 14, g*a - 4*t = 8 + 30. What is the units digit of a?
0
Suppose r = -6 + 10. Suppose -r*k - k - 4*p + 301 = 0, -5*p = 5. What is the units digit of k?
1
Suppose 0 = j - 5*j. Suppose j = -2*g - 3*g - 10. What is the units digit of g/(-3)*(-30)/(-4)?
5
Suppose 0 = 3*r - 1 - 8. Suppose s + r*s = 76. What is the units digit of s?
9
Let s be (64/10)/(1/5). Let k(r) = 2*r + 25. Let t be k(-11). Suppose 0 = t*u - 13 - s. What is the units digit of u?
5
Suppose -158*r + 161*r - 1614 = 0. What is the tens digit of r?
3
Let m(c) = -9*c**2 + 1 + 8*c**2 + 3 - 3*c. Let n be m(-4). Suppose -f + 7 + 7 = n. What is the units digit of f?
4
Let j = 9 + 6. What is the units digit of ((-6)/4)/(j/(-20))?
2
Let t(z) = 2*z**2 + 28*z + 20. Let n(s) = -s**2 - 14*s - 10. Let a = 2 - 0. Let y(m) = a*t(m) + 5*n(m). What is the units digit of y(-13)?
3
Let s(b) = 2*b**3 + 78*b**2 - 33*b + 17. What is the thousands digit of s(-39)?
1
Suppose 5*g = 3*o - 6340, -31*g = -5*o - 27*g + 10571. What is the tens digit of o?
1
Let r = 90 + -90. Suppose -5*p + 5*f + 610 = r, 0 = -0*p - 3*p + 5*f + 374. What is the tens digit of p?
1
Suppose -6*k = -996 - 2424. What is the hundreds digit of k?
5
Suppose 3*a = -2*x + 543, -x = x - 3*a - 561. What is the hundreds digit of x?
2
Let c be -4 + 2*45/10. Suppose q - 57 = -4*t, -2*q = -4*q - c*t + 105. What is the tens digit of q?
4
Suppose -2478 = 23*b - 30*b. What is the hundreds digit of b?
3
Suppose 408 = w + 5*n + 129, 1162 = 4*w - 3*n. What is the units digit of w?
9
Suppose -2*w + 207 = 4*u - 1041, 0 = 5*u - 2*w - 1569. What is the tens digit of u?
1
Let x(q) = -q**3 + 7*q**2 + q + 4. Let u(d) = 7*d + d - 9*d + d**3 + 1. Let n be u(2). What is the tens digit of x(n)?
1
Let h = -26 - -289. What is the hundreds digit of h?
2
Let c = 4 - 4. Suppose c = -4*t + 83 - 7. Let o = t - 8. What is the units digit of o?
1
Suppose 3*f - 802 = -i, -5*f + 1348 = -6*i + 2*i. What is the hundreds digit of f?
2
Let s(a) = -1 - 22*a**2 - 4 - a**3 + a - 6*a + 18*a**2. Suppose -5*w = 5*n + 10, w - 3*n + 14 = 2*n. What is the units digit of s(w)?
5
Let f = 1081 - 343. What is the hundreds digit of f?
7
Suppose -6*x + 16 = 4. Suppose -66 = -x*w + 66. What is the units digit of w?
6
Let i = 182 + -34. What is the tens digit of i?
4
Suppose 0 = f - 2. Suppose f*p - 49 = p. What is the units digit of p?
9
Let v = 24 - 21. Suppose -2*d = v*d + 30. What is the tens digit of (-2)/d + (-35)/(-3)?
1
What is the thousands digit of 41/(-41)*-1*1277?
1
Let z be 3 + 0 - 568/8. Let i = z - -154. What is the tens digit of i?
8
Let g(s) = -5. Let c(m) = -m + 11. Let k(t) = 3*c(t) + 7*g(t). Let y be k(-2). Suppose y*d + 0*d = 48. What is the tens digit of d?
1
Suppose -3269 = -2*v + 155. What is the units digit of v?
2
Suppose 5*d = 15, 3*i + 5*d = 7*i - 1585. What is the units digit of i?
0
Suppose 1221 + 15 = 6*x. What is the units digit of x?
6
Suppose 0 = 6*c - 3*c - 12. Suppose 2*o - c*l = l + 207, 9 = 3*l. What is the tens digit of o?
1
Let g = 154 - 71. Suppose -2*n + 7*b = 2*b - 47, -g = -5*n + b. What is the units digit of n?
6
Suppose 5*t - 4*c - 11 = -2*c, -3*c + 6 = 0. Let u(a) = 0 - 3 + 13*a - 5. What is the units digit of u(t)?
1
Suppose -z - 4 = -0*z. Let g be (1 - 6)*z/(-5). What is the units digit of (-2)/g - 174/(-12)?
5
Let d = -25 + 28. Let w(u) = 7*u + 0 - 2 - u**2 + d. What is the tens digit of w(4)?
1
Suppose 592 = -3*m + 1627. What is the tens digit of m?
4
Let a be -1*(4 + -3)*-2. Suppose -5*z = 2*l - 0*l - 883, a*z = 5*l + 330. Suppose -2*k + z = k - c, 5*c = 4*k - 215. What is the units digit of k?
0
Let f(u) = u**2 - 26*u + 26. What is the tens digit of f(-36)?
5
What is the tens digit of (-4)/5*(-9)/((-162)/(-3555))?
5
Let t = 5 + -4. Let i be t + -1 + 34 - 2. Let q = -20 + i. What is the units di